on divisor of 12 and 380.
4
Calculate the highest common factor of 1339 and 927.
103
What is the highest common divisor of 4334 and 88?
22
Calculate the greatest common divisor of 24 and 27.
3
What is the highest common factor of 6 and 102?
6
Calculate the highest common factor of 336 and 420.
84
What is the highest common factor of 39 and 1911?
39
Calculate the highest common factor of 8 and 307.
1
What is the highest common divisor of 115 and 299?
23
What is the highest common factor of 1576 and 12?
4
Calculate the highest common factor of 3026 and 34.
34
Calculate the highest common divisor of 833 and 784.
49
What is the greatest common factor of 26 and 10322?
26
Calculate the highest common factor of 92 and 207.
23
What is the greatest common factor of 175 and 9600?
25
Calculate the greatest common factor of 481 and 52.
13
What is the highest common factor of 2 and 31?
1
Calculate the highest common factor of 42 and 112.
14
Calculate the highest common factor of 2 and 106.
2
Calculate the greatest common divisor of 84 and 28.
28
What is the highest common factor of 699 and 3961?
233
Calculate the highest common divisor of 4554 and 66.
66
What is the greatest common divisor of 37138 and 62?
62
What is the highest common factor of 1075 and 20?
5
Calculate the greatest common divisor of 7277 and 38.
19
Calculate the highest common divisor of 14 and 203.
7
What is the greatest common factor of 11 and 2497?
11
Calculate the highest common divisor of 11 and 25003.
11
Calculate the highest common factor of 848 and 48.
16
Calculate the highest common factor of 45 and 58035.
15
What is the greatest common factor of 376 and 12?
4
What is the highest common divisor of 660 and 336?
12
What is the highest common factor of 108 and 60?
12
Calculate the highest common factor of 6384 and 342.
114
Calculate the greatest common factor of 25 and 1325.
25
What is the highest common divisor of 224 and 175?
7
What is the greatest common factor of 5481 and 9?
9
Calculate the highest common divisor of 55 and 9955.
55
What is the greatest common divisor of 286 and 52?
26
What is the highest common factor of 630 and 70?
70
Calculate the greatest common divisor of 23121 and 63.
63
Calculate the greatest common divisor of 1110 and 30.
30
What is the greatest common divisor of 54 and 972?
54
What is the greatest common divisor of 111 and 3?
3
Calculate the greatest common factor of 32 and 1568.
32
Calculate the highest common factor of 7572 and 36.
12
Calculate the highest common divisor of 608 and 64.
32
What is the greatest common divisor of 1892 and 242?
22
What is the highest common factor of 844 and 2?
2
What is the highest common divisor of 7865 and 11?
11
Calculate the highest common factor of 24 and 3084.
12
Calculate the highest common divisor of 595 and 51.
17
What is the highest common divisor of 187 and 68?
17
What is the greatest common divisor of 44 and 143?
11
What is the greatest common factor of 341 and 528?
11
Calculate the greatest common factor of 2813 and 29.
29
Calculate the greatest common factor of 4134 and 156.
78
Calculate the highest common factor of 5516 and 14.
14
Calculate the greatest common factor of 87 and 5713.
29
Calculate the highest common divisor of 1251 and 126.
9
What is the highest common factor of 112 and 322?
14
Calculate the greatest common factor of 81195 and 15.
15
What is the highest common divisor of 17 and 1853?
17
Calculate the highest common factor of 6574 and 152.
38
Calculate the highest common factor of 137 and 1.
1
Calculate the greatest common factor of 144 and 32.
16
What is the greatest common divisor of 720 and 90?
90
What is the greatest common factor of 580 and 35235?
145
What is the greatest common factor of 4009 and 19?
19
What is the highest common divisor of 2580 and 10?
10
What is the greatest common divisor of 275 and 300?
25
What is the greatest common divisor of 64 and 4?
4
Calculate the greatest common divisor of 14 and 133.
7
What is the greatest common divisor of 23 and 46?
23
Calculate the highest common factor of 25 and 1.
1
Calculate the greatest common factor of 124 and 1984.
124
What is the highest common factor of 1040 and 580?
20
What is the greatest common divisor of 10387 and 34?
17
What is the greatest common divisor of 102 and 4?
2
What is the highest common factor of 231 and 4323?
33
What is the highest common divisor of 73 and 6497?
73
Calculate the highest common factor of 555 and 444.
111
What is the greatest common factor of 325 and 26?
13
Calculate the highest common factor of 48 and 582.
6
Calculate the highest common divisor of 121 and 209.
11
What is the highest common divisor of 95 and 133?
19
Calculate the highest common divisor of 18 and 972.
18
Calculate the highest common divisor of 559 and 637.
13
What is the greatest common factor of 276 and 1173?
69
What is the highest common factor of 115379 and 11?
11
What is the greatest common divisor of 16191 and 63?
63
Calculate the greatest common divisor of 238 and 42.
14
Calculate the greatest common divisor of 2871 and 99.
99
What is the greatest common divisor of 348 and 168?
12
Calculate the greatest common factor of 69 and 621.
69
What is the highest common divisor of 824 and 8?
8
What is the highest common divisor of 12 and 156?
12
What is the highest common factor of 85 and 7259?
17
What is the highest common divisor of 4790 and 20?
10
Calculate the greatest common divisor of 88 and 708.
4
Calculate the highest common divisor of 20 and 690.
10
What is the highest common divisor of 441 and 2401?
49
What is the highest common divisor of 138 and 92?
46
Calculate the greatest common factor of 5328 and 432.
144
What is the highest common divisor of 162 and 702?
54
Calculate the highest common divisor of 12386 and 22.
22
What is the highest common factor of 299 and 1909?
23
What is the greatest common factor of 10330 and 5?
5
Calculate the highest common divisor of 44 and 275.
11
Calculate the highest common factor of 390 and 13.
13
Calculate the highest common factor of 3182 and 259.
37
Calculate the highest common factor of 119 and 14.
7
What is the highest common divisor of 1462 and 34?
34
What is the greatest common divisor of 42 and 65856?
42
Calculate the greatest common divisor of 126 and 357.
21
What is the greatest common divisor of 10 and 15?
5
Calculate the highest common factor of 36 and 378.
18
Calculate the highest common divisor of 57250 and 458.
458
What is the greatest common divisor of 15 and 3265?
5
Calculate the greatest common divisor of 1479 and 102.
51
What is the highest common divisor of 130 and 80?
10
Calculate the highest common factor of 93 and 27249.
93
What is the greatest common factor of 13287 and 927?
309
What is the highest common divisor of 2 and 4?
2
What is the greatest common factor of 16 and 392?
8
What is the highest common divisor of 12993 and 213?
213
What is the highest common divisor of 47 and 329?
47
What is the highest common divisor of 258 and 12?
6
What is the highest common factor of 1 and 9?
1
What is the highest common factor of 660 and 588?
12
What is the greatest common divisor of 36 and 76?
4
What is the highest common factor of 575 and 92?
23
What is the greatest common divisor of 3 and 2853?
3
Calculate the highest common factor of 390 and 75.
15
Calculate the highest common factor of 1169 and 7.
7
Calculate the greatest common factor of 57 and 190.
19
Calculate the greatest common factor of 266 and 14.
14
What is the greatest common factor of 8148 and 84?
84
What is the highest common divisor of 899 and 31?
31
Calculate the greatest common factor of 1005 and 30.
15
What is the greatest common factor of 42 and 399?
21
What is the greatest common factor of 714 and 21?
21
What is the greatest common factor of 17006 and 22?
22
Calculate the highest common factor of 4986 and 99.
9
What is the greatest common factor of 477 and 27?
9
Calculate the greatest common divisor of 147 and 2.
1
Calculate the highest common factor of 65 and 45.
5
Calculate the highest common divisor of 1664 and 520.
104
What is the greatest common factor of 90 and 36?
18
Calculate the highest common factor of 738 and 54.
18
What is the highest common factor of 896 and 952?
56
Calculate the highest co